{"id":251,"date":"2018-09-18T09:59:28","date_gmt":"2018-09-18T09:59:28","guid":{"rendered":"http:\/\/themes.axilweb.com\/wp\/cynic\/trendy-small-digital-agency\/?page_id=251"},"modified":"2021-02-03T22:00:11","modified_gmt":"2021-02-04T01:00:11","slug":"palestras-e-eventos","status":"publish","type":"page","link":"https:\/\/cynthiarodrigues.com.br\/index.php\/palestras-e-eventos\/","title":{"rendered":"Palestras e Eventos"},"content":{"rendered":"<p>[vc_section el_class=&#8221;image-with-description&#8221;][vc_row disable_element=&#8221;yes&#8221;][vc_column]\r\n        <div class=\"trigger-image-with-description\"><\/div>\r\n        <svg class=\"bg-shape image-with-description-shape-bg reveal-from-right\" xmlns=\"http:\/\/www.w3.org\/2000\/svg\" xmlns:xlink=\"http:\/\/www.w3.org\/1999\/xlink\"\r\n             width=\"779px\" height=\"759px\">\r\n            <defs>\r\n                <linearGradient id=\"PSgrad_03\" x1=\"70.711%\" x2=\"0%\" y1=\"70.711%\" y2=\"0%\">\r\n                    <stop offset=\"0%\" stop-color=\"rgb(237,247,255)\" stop-opacity=\"1\" \/>\r\n                    <stop offset=\"100%\" stop-color=\"rgb(237,247,255)\" stop-opacity=\"0\" \/>\r\n                <\/linearGradient>\r\n            <\/defs>\r\n            <path fill-rule=\"evenodd\" fill=\"url(#PSgrad_03)\" d=\"M111.652,578.171 L218.141,672.919 C355.910,795.500 568.207,784.561 692.320,648.484 C816.434,512.409 805.362,302.726 667.592,180.144 L561.104,85.396 C423.334,-37.184 211.037,-26.245 86.924,109.832 C-37.189,245.908 -26.118,455.590 111.652,578.171 Z\"\r\n            \/>\r\n        <\/svg>\r\n\r\n        <div class=\"container\">\r\n            <div class=\"row align-items-center image-with-description-block\">\r\n                <div class=\"col-lg-6\">\r\n                    <h2>Result Oriented Marketing<\/h2>\r\n                    <p>As palestras ajudam cada indiv\u00edduo a ampliar racioc\u00ednios, sensibilizar e exercitar conte\u00fados emocionais desamparados e necessitados de est\u00edmulo, bem como informatizar.<\/p><span class=\"newline\"><\/span><p>A motiva\u00e7\u00e3o e conscientiza\u00e7\u00e3o dos funcion\u00e1rios tornar\u00e3o seu desempenho infinitamente melhor, de nada adiantar\u00e1 habilidades e um bom curr\u00edculo, se aspectos comportamentais e emocionais apresentarem desajustes ou sobrecarga.<\/p>\r\n                                            <ul class=\"common-list-items\">\r\n                                                    <\/ul>\r\n                        <!-- End of .common-list-items -->\r\n                                    <\/div>\r\n                <!-- End of .col-lg-6 -->\r\n\r\n                <div class=\"col-lg-6 text-lg-right\">\r\n                    <img decoding=\"async\" src=\"\" alt=\"\" class=\"img-fluid\">\r\n                <\/div>\r\n                <!-- End of .col-lg-6 -->\r\n            <\/div>\r\n            <!-- End of .row -->\r\n        <\/div>\r\n        <!-- End of .container -->\r\n        [\/vc_column][\/vc_row][vc_row][vc_column width=&#8221;1\/6&#8243;][\/vc_column][vc_column width=&#8221;1\/3&#8243; offset=&#8221;vc_hidden-sm vc_hidden-xs&#8221;][vc_custom_heading text=&#8221;As palestras ajudam cada indiv\u00edduo a ampliar racioc\u00ednios, sensibilizar e exercitar conte\u00fados emocionais desamparados e necessitados de est\u00edmulo, bem como informatizar.&#8221; font_container=&#8221;tag:p|font_size:18px|text_align:left&#8221; google_fonts=&#8221;font_family:Fira%20Sans%3A300%2C300italic%2C400%2C400italic%2C500%2C500italic%2C700%2C700italic|font_style:300%20light%20regular%3A300%3Anormal&#8221;][vc_custom_heading text=&#8221;A motiva\u00e7\u00e3o e conscientiza\u00e7\u00e3o dos funcion\u00e1rios tornar\u00e3o seu desempenho infinitamente melhor, de nada adiantar\u00e1 habilidades e um bom curr\u00edculo, se aspectos comportamentais e emocionais apresentarem desajustes ou sobrecarga.&#8221; font_container=&#8221;tag:div|font_size:18px|text_align:left&#8221; google_fonts=&#8221;font_family:Fira%20Sans%3A300%2C300italic%2C400%2C400italic%2C500%2C500italic%2C700%2C700italic|font_style:300%20light%20regular%3A300%3Anormal&#8221;][\/vc_column][vc_column width=&#8221;1\/5&#8243;][vc_images_carousel images=&#8221;821,822,823,824,826,825&#8243; img_size=&#8221;500&#215;300&#8243; speed=&#8221;3000&#8243; autoplay=&#8221;yes&#8221;][\/vc_column][vc_column width=&#8221;1\/4&#8243;][\/vc_column][\/vc_row][vc_row][vc_column width=&#8221;1\/6&#8243;][\/vc_column][vc_column width=&#8221;1\/3&#8243;][\/vc_column][vc_column width=&#8221;1\/5&#8243; offset=&#8221;vc_hidden-lg vc_hidden-md&#8221;][vc_custom_heading text=&#8221;As palestras ajudam cada indiv\u00edduo a ampliar racioc\u00ednios, sensibilizar e exercitar conte\u00fados emocionais desamparados e necessitados de est\u00edmulo, bem como informatizar.&#8221; font_container=&#8221;tag:p|font_size:18px|text_align:left&#8221; google_fonts=&#8221;font_family:Fira%20Sans%3A300%2C300italic%2C400%2C400italic%2C500%2C500italic%2C700%2C700italic|font_style:300%20light%20regular%3A300%3Anormal&#8221;][vc_custom_heading text=&#8221;A motiva\u00e7\u00e3o e conscientiza\u00e7\u00e3o dos funcion\u00e1rios tornar\u00e3o seu desempenho infinitamente melhor, de nada adiantar\u00e1 habilidades e um bom curr\u00edculo, se aspectos comportamentais e emocionais apresentarem desajustes ou sobrecarga.&#8221; font_container=&#8221;tag:div|font_size:18px|text_align:left&#8221; google_fonts=&#8221;font_family:Fira%20Sans%3A300%2C300italic%2C400%2C400italic%2C500%2C500italic%2C700%2C700italic|font_style:300%20light%20regular%3A300%3Anormal&#8221; css=&#8221;.vc_custom_1612400408376{padding-bottom: 25px !important;}&#8221;][\/vc_column][vc_column width=&#8221;1\/4&#8243;][\/vc_column][\/vc_row][vc_row][vc_column width=&#8221;1\/6&#8243;][\/vc_column][vc_column width=&#8221;2\/3&#8243; css=&#8221;.vc_custom_1611626058529{margin-right: 30px !important;padding-right: 30px !important;}&#8221;][vc_custom_heading text=&#8221;Realizei minha primeira palestra no ano de 2016 numa escola municipal, onde foi realizado o dia da fam\u00edlia, e nesse dia abordamos o seguinte assunto &#8220;A import\u00e2ncia da sa\u00fade mental na escola&#8220;.<br \/>\nA partir da\u00ed, j\u00e1 fui convidada em dezenas de eventos, palestras e entrevistas. Entre elas, na empresa Ludovico Tozzo (A Import\u00e2ncia de cuidar da sa\u00fade mental), Evento &#8220;A semana do sono\u201d com entrevista na TV NDTV Record TV; Na empresa Requimaq com o tema setembro amarelo e na empresa Randon de Chapec\u00f3, especiais no Outubro Rosa e Novembro Azul.&#8221; font_container=&#8221;tag:p|font_size:18px|text_align:justify&#8221; google_fonts=&#8221;font_family:Fira%20Sans%3A300%2C300italic%2C400%2C400italic%2C500%2C500italic%2C700%2C700italic|font_style:300%20light%20regular%3A300%3Anormal&#8221;][\/vc_column][vc_column width=&#8221;1\/6&#8243;][\/vc_column][\/vc_row][\/vc_section]<\/p>\n","protected":false},"excerpt":{"rendered":"<p>[vc_section el_class=&#8221;image-with-description&#8221;][vc_row disable_element=&#8221;yes&#8221;][vc_column][\/vc_column][\/vc_row][vc_row][vc_column width=&#8221;1\/6&#8243;][\/vc_column][vc_column width=&#8221;1\/3&#8243; offset=&#8221;vc_hidden-sm vc_hidden-xs&#8221;][vc_custom_heading text=&#8221;As palestras ajudam cada indiv\u00edduo a ampliar racioc\u00ednios, sensibilizar e exercitar conte\u00fados emocionais desamparados e necessitados de est\u00edmulo, bem como informatizar.&#8221; font_container=&#8221;tag:p|font_size:18px|text_align:left&#8221; google_fonts=&#8221;font_family:Fira%20Sans%3A300%2C300italic%2C400%2C400italic%2C500%2C500italic%2C700%2C700italic|font_style:300%20light%20regular%3A300%3Anormal&#8221;][vc_custom_heading text=&#8221;A motiva\u00e7\u00e3o e conscientiza\u00e7\u00e3o dos funcion\u00e1rios tornar\u00e3o seu desempenho infinitamente melhor, de nada adiantar\u00e1 habilidades e um bom curr\u00edculo, se aspectos comportamentais e emocionais apresentarem desajustes ou sobrecarga.&#8221; font_container=&#8221;tag:div|font_size:18px|text_align:left&#8221; google_fonts=&#8221;font_family:Fira%20Sans%3A300%2C300italic%2C400%2C400italic%2C500%2C500italic%2C700%2C700italic|font_style:300%20light%20regular%3A300%3Anormal&#8221;][\/vc_column][vc_column width=&#8221;1\/5&#8243;][vc_images_carousel images=&#8221;821,822,823,824,826,825&#8243; img_size=&#8221;500&#215;300&#8243; speed=&#8221;3000&#8243; autoplay=&#8221;yes&#8221;][\/vc_column][vc_column width=&#8221;1\/4&#8243;][\/vc_column][\/vc_row][vc_row][vc_column width=&#8221;1\/6&#8243;][\/vc_column][vc_column width=&#8221;1\/3&#8243;][\/vc_column][vc_column width=&#8221;1\/5&#8243; offset=&#8221;vc_hidden-lg vc_hidden-md&#8221;][vc_custom_heading text=&#8221;As palestras ajudam cada indiv\u00edduo a ampliar racioc\u00ednios, sensibilizar e exercitar conte\u00fados emocionais desamparados e necessitados de est\u00edmulo, bem como informatizar.&#8221; font_container=&#8221;tag:p|font_size:18px|text_align:left&#8221; google_fonts=&#8221;font_family:Fira%20Sans%3A300%2C300italic%2C400%2C400italic%2C500%2C500italic%2C700%2C700italic|font_style:300%20light%20regular%3A300%3Anormal&#8221;][vc_custom_heading text=&#8221;A motiva\u00e7\u00e3o e conscientiza\u00e7\u00e3o dos funcion\u00e1rios tornar\u00e3o seu desempenho infinitamente melhor, de nada adiantar\u00e1 habilidades e um bom curr\u00edculo, se aspectos comportamentais e emocionais apresentarem desajustes ou sobrecarga.&#8221; font_container=&#8221;tag:div|font_size:18px|text_align:left&#8221; google_fonts=&#8221;font_family:Fira%20Sans%3A300%2C300italic%2C400%2C400italic%2C500%2C500italic%2C700%2C700italic|font_style:300%20light%20regular%3A300%3Anormal&#8221; css=&#8221;.vc_custom_1612400408376{padding-bottom: 25px !important;}&#8221;][\/vc_column][vc_column width=&#8221;1\/4&#8243;][\/vc_column][\/vc_row][vc_row][vc_column width=&#8221;1\/6&#8243;][\/vc_column][vc_column width=&#8221;2\/3&#8243; css=&#8221;.vc_custom_1611626058529{margin-right: 30px !important;padding-right: 30px !important;}&#8221;][vc_custom_heading text=&#8221;Realizei minha primeira palestra no ano de 2016 numa escola municipal, onde foi realizado o dia da fam\u00edlia, e nesse dia abordamos o seguinte assunto &#8220;A import\u00e2ncia da sa\u00fade mental na escola&#8220;. A partir da\u00ed, j\u00e1 fui convidada em dezenas de eventos, palestras e entrevistas. Entre elas, na empresa Ludovico Tozzo (A Import\u00e2ncia de cuidar da sa\u00fade mental), Evento &#8220;A semana do sono\u201d com entrevista na TV NDTV Record TV; Na empresa Requimaq com o tema setembro amarelo e na empresa Randon de Chapec\u00f3, especiais no Outubro Rosa e Novembro Azul.&#8221; font_container=&#8221;tag:p|font_size:18px|text_align:justify&#8221; google_fonts=&#8221;font_family:Fira%20Sans%3A300%2C300italic%2C400%2C400italic%2C500%2C500italic%2C700%2C700italic|font_style:300%20light%20regular%3A300%3Anormal&#8221;][\/vc_column][vc_column width=&#8221;1\/6&#8243;][\/vc_column][\/vc_row][\/vc_section]<\/p>\n","protected":false},"author":1,"featured_media":0,"parent":0,"menu_order":0,"comment_status":"closed","ping_status":"closed","template":"template-modernpage.php","meta":{"footnotes":""},"class_list":["post-251","page","type-page","status-publish","hentry"],"_links":{"self":[{"href":"https:\/\/cynthiarodrigues.com.br\/index.php\/wp-json\/wp\/v2\/pages\/251","targetHints":{"allow":["GET"]}}],"collection":[{"href":"https:\/\/cynthiarodrigues.com.br\/index.php\/wp-json\/wp\/v2\/pages"}],"about":[{"href":"https:\/\/cynthiarodrigues.com.br\/index.php\/wp-json\/wp\/v2\/types\/page"}],"author":[{"embeddable":true,"href":"https:\/\/cynthiarodrigues.com.br\/index.php\/wp-json\/wp\/v2\/users\/1"}],"replies":[{"embeddable":true,"href":"https:\/\/cynthiarodrigues.com.br\/index.php\/wp-json\/wp\/v2\/comments?post=251"}],"version-history":[{"count":52,"href":"https:\/\/cynthiarodrigues.com.br\/index.php\/wp-json\/wp\/v2\/pages\/251\/revisions"}],"predecessor-version":[{"id":1069,"href":"https:\/\/cynthiarodrigues.com.br\/index.php\/wp-json\/wp\/v2\/pages\/251\/revisions\/1069"}],"wp:attachment":[{"href":"https:\/\/cynthiarodrigues.com.br\/index.php\/wp-json\/wp\/v2\/media?parent=251"}],"curies":[{"name":"wp","href":"https:\/\/api.w.org\/{rel}","templated":true}]}}