{"id":156,"date":"2018-08-02T09:41:43","date_gmt":"2018-08-02T09:41:43","guid":{"rendered":"http:\/\/themes.axilweb.com\/wp\/cynic\/trendy-one-page-agency\/?page_id=6"},"modified":"2022-11-16T15:42:55","modified_gmt":"2022-11-16T18:42:55","slug":"trendy-homepage","status":"publish","type":"page","link":"https:\/\/cynthiarodrigues.com.br\/","title":{"rendered":"Small Homepage"},"content":{"rendered":"<p>[vc_row][vc_column]        <!-- HomePage Banner\r\n        ======================================= -->\r\n        <div class=\"banner small-agency-home-header-bg\" id=\"top\">\r\n            <svg class=\"bg-shape shape-home-banner reveal-from-right\" xmlns=\"http:\/\/www.w3.org\/2000\/svg\" xmlns:xlink=\"http:\/\/www.w3.org\/1999\/xlink\" width=\"779px\"\r\n                 height=\"759px\">\r\n                <defs>\r\n                    <linearGradient id=\"PSgrad_01\" x1=\"70.711%\" x2=\"0%\" y1=\"70.711%\" y2=\"0%\">\r\n                        <stop offset=\"0%\" stop-color=\"rgb(237,247,255)\" stop-opacity=\"1\" \/>\r\n                        <stop offset=\"100%\" stop-color=\"rgb(237,247,255)\" stop-opacity=\"0\" \/>\r\n                    <\/linearGradient>\r\n\r\n                <\/defs>\r\n                <path fill-rule=\"evenodd\" fill=\"url(#PSgrad_01)\" d=\"M111.652,578.171 L218.141,672.919 C355.910,795.500 568.207,784.561 692.320,648.484 C816.434,512.409 805.362,302.726 667.592,180.144 L561.104,85.396 C423.334,-37.184 211.037,-26.245 86.924,109.832 C-37.189,245.908 -26.118,455.590 111.652,578.171 Z\"\r\n                \/>\r\n            <\/svg>\r\n\r\n            <div class=\"container\">\r\n                <div class=\"banner-content\">\r\n                    <div class=\"trendy-banner\" style=\"background-image: url(https:\/\/cynthiarodrigues.com.br\/wp-content\/uploads\/2021\/08\/Home-Cynthia.jpg);\"><\/div>\r\n                    <h1>Empatia e aten\u00e7\u00e3o<br \/><span class=\"newline\"><\/span>\u00e0 sua sa\u00fade mental<\/h1>\r\n                    <p class=\"section-subheading\">Abordagem atrav\u00e9s de terapia cognitiva comportamental<\/p><span class=\"newline\"><\/span><p>de forma humanizada e personalizada.<\/p>\r\n                    <a href=\"https:\/\/cynthiarodrigues.com.br\/index.php\/psicologia\/\"  class=\"custom-btn btn-big grad-style-ef page-scroll\">Conhe\u00e7a Mais<\/a>                <\/div>\r\n                <!-- End of .banner-content -->\r\n            <\/div>\r\n            <!-- End of .container -->\r\n        <\/div>\r\n        <!-- End of .header -->\r\n        [\/vc_column][\/vc_row][vc_section el_id=&#8221;services&#8221; el_class=&#8221;services container&#8221;][vc_row el_class=&#8221;m-b-30&#8243;][vc_column width=&#8221;1\/3&#8243; el_class=&#8221;m-b-30&#8243;]\r\n                    <a href=\"https:\/\/cynthiarodrigues.com.br\/?page_id=1314\"\r\n                               class=\"service-box text-center content-block\">\r\n                <div class=\"box-bg txt-grad-cd\"><\/div>\r\n                <span class=\"icon-container  grad-style-cd-light\">\r\n                            <i class=\"ml-fac-31-man-male-avatar-fac-e-heart-love txt-grad-cd\"><\/i>\r\n                    <\/span>\r\n                <h5 class=\"text-center\">Psicoterapia<\/h5>\r\n                <p>Buscando o autoconhecimento atrav\u00e9s da Psicoterapia Individual Adulta, para Casais, Ins\u00f4nia e Terapia Cognitivo Comportamental.<\/p>\r\n            <\/a>\r\n                [\/vc_column][vc_column width=&#8221;1\/3&#8243; el_class=&#8221;m-b-30&#8243;]\r\n                    <a href=\"https:\/\/cynthiarodrigues.com.br\/?page_id=1314\"\r\n                               class=\"service-box text-center content-block\">\r\n                <div class=\"box-bg txt-grad-cd\"><\/div>\r\n                <span class=\"icon-container  grad-style-cd-light\">\r\n                            <i class=\"ml-baftwo-52-employee-face-head-avatar-idea-lamp txt-grad-cd\"><\/i>\r\n                    <\/span>\r\n                <h5 class=\"text-center\">Palestras<\/h5>\r\n                <p>Palestras que ajudam a ampliar racioc\u00ednios, sensibilizar e exercitar conte\u00fados emocionais desamparados e necessitados de est\u00edmulo.<\/p>\r\n            <\/a>\r\n                [\/vc_column][vc_column width=&#8221;1\/3&#8243; el_class=&#8221;m-b-30&#8243;]\r\n                    <a href=\"https:\/\/cynthiarodrigues.com.br\/?page_id=1314\"\r\n                               class=\"service-box text-center content-block\">\r\n                <div class=\"box-bg txt-grad-cd\"><\/div>\r\n                <span class=\"icon-container  grad-style-cd-light\">\r\n                            <i class=\"ml-tec-47-disc-device-plug-computer-desktop-monitor-laptop txt-grad-cd\"><\/i>\r\n                    <\/span>\r\n                <h5 class=\"text-center\">Cursos<\/h5>\r\n                <p>Em Breve! Fique ligado, estamos preparando uma s\u00e9rie de cursos e mentorias na \u00e1rea da psicologia e da atua\u00e7\u00e3o profissional.<\/p>\r\n            <\/a>\r\n                [\/vc_column][\/vc_row][\/vc_section][vc_section el_id=&#8221;about-us&#8221; el_class=&#8221;about-us&#8221;][vc_row][vc_column]\r\n                    <svg class=\"bg-shape shape-about reveal-from-right\" xmlns=\"http:\/\/www.w3.org\/2000\/svg\" width=\"779px\"\r\n                 height=\"759px\">\r\n                <defs>\r\n                    <linearGradient id=\"PSgrad_02\" x1=\"70.711%\" x2=\"0%\" y1=\"70.711%\" y2=\"0%\">\r\n                        <stop offset=\"0%\" stop-color=\"rgb(237,247,255)\" stop-opacity=\"1\"\/>\r\n                        <stop offset=\"100%\" stop-color=\"rgb(237,247,255)\" stop-opacity=\"0\"\/>\r\n                    <\/linearGradient>\r\n\r\n                <\/defs>\r\n                <path fill-rule=\"evenodd\" fill=\"url(#PSgrad_02)\"\r\n                      d=\"M111.652,578.171 L218.141,672.919 C355.910,795.500 568.207,784.561 692.320,648.484 C816.434,512.409 805.362,302.726 667.592,180.144 L561.104,85.396 C423.334,-37.184 211.037,-26.245 86.924,109.832 C-37.189,245.908 -26.118,455.590 111.652,578.171 Z\"\r\n                \/>\r\n            <\/svg>\r\n                            <div class=\"video-play-bg grad-style-cd\">\r\n                    <div class=\"lead-banner\" style=\"background-image:url(https:\/\/cynthiarodrigues.com.br\/wp-content\/uploads\/2021\/01\/1G4A3674-scaled.jpg)\"><\/div>\r\n                    <a href=\"https:\/\/www.youtube.com\/watch?v=5VpycpylnL8&#038;t=126s\" class=\"video-play-btn video-popup\">\r\n                        <i class=\"fas fa-play\"><\/i>\r\n                    <\/a>\r\n                <\/div>\r\n                        <!-- End of .video-play-bg -->\r\n            <div class=\"container\">\r\n                <div class=\"row\">\r\n                    <div class=\"col-md-6 ml-auto\">\r\n                        <h2>Saiba mais sobre mim<\/h2>\r\n                        Sou graduada pela Universidade do Oeste de Santa Catarina UNOESC campus Chapec\u00f3 em 2015 e tenho Forma\u00e7\u00e3o em Terapia Cognitiva Comportamental pelo Instituto WP 2018.<\/p><span class=\"newline\"><\/span><p>Entre os principais servi\u00e7os psicol\u00f3gicos est\u00e3o: Psicoterapia Individual Adulto; Psicoterapia para casais; Terapia Cognitivo-Comportamental; Atendimento especializado para o tratamento da ansiedade e\/ou transtornos de ansiedade (TOC, TAG, TEPT, Ansiedade Social e Fobias) entre outros!                                                <!-- End of .counter-block -->\r\n                    <\/div>\r\n                    <!-- End of .col-lg-6 -->\r\n                <\/div>\r\n            <\/div>\r\n            <!-- End of .container -->\r\n            [vc_btn title=&#8221;Saiba Mais&#8221; color=&#8221;primary&#8221; align=&#8221;right&#8221; link=&#8221;url:http%3A%2F%2Fcynthiarodrigues.com.br%2Findex.php%2Fsobre-mim%2F&#8221;][\/vc_column][\/vc_row][\/vc_section][vc_section full_width=&#8221;stretch_row_content&#8221; el_class=&#8221;case-study small-agency-case-study&#8221;][vc_row][vc_column][\/vc_column][\/vc_row][\/vc_section][vc_row el_id=&#8221;news&#8221; el_class=&#8221;latest-news section-padding&#8221;][vc_column el_class=&#8221;blog_pginicial&#8221;]            <svg class=\"bg-shape shape-project reveal-from-left\" xmlns=\"http:\/\/www.w3.org\/2000\/svg\"\r\n                 xmlns:xlink=\"http:\/\/www.w3.org\/1999\/xlink\" width=\"779px\"\r\n                 height=\"759px\">\r\n                <defs>\r\n                    <linearGradient id=\"PSgrad_03\" x1=\"70.711%\" x2=\"0%\" y1=\"70.711%\" y2=\"0%\">\r\n                        <stop offset=\"0%\" stop-color=\"rgb(237,247,255)\" stop-opacity=\"1\"\/>\r\n                        <stop offset=\"100%\" stop-color=\"rgb(237,247,255)\" stop-opacity=\"0\"\/>\r\n                    <\/linearGradient>\r\n\r\n                <\/defs>\r\n                <path fill-rule=\"evenodd\" fill=\"url(#PSgrad_03)\"\r\n                      d=\"M111.652,578.171 L218.141,672.919 C355.910,795.500 568.207,784.561 692.320,648.484 C816.434,512.409 805.362,302.726 667.592,180.144 L561.104,85.396 C423.334,-37.184 211.037,-26.245 86.924,109.832 C-37.189,245.908 -26.118,455.590 111.652,578.171 Z\"\/>\r\n            <\/svg>\r\n            <div class=\"container \">\r\n                                    <h2>Depoimentos<\/h2>\r\n                                <div class=\"team-grid\">\r\n                    <div class=\"row\">\r\n                                <div class=\"item icone-aspas col-md-6 col-lg-4 cynic_team_vc_element\">\r\n            <a href=\"#\" class=\"team-content-block content-block cynic_team_modal\"\r\n               data-bio=\"\" data-fullname=\"Sandra Possa\"\r\n               data-designation=\"Me ajudou nos momentos mais delicados, me identifiquei no primeiro momento em que conversamos... gratid\u00e3o a Deus por colocar essa pessoa em meu caminho!\">\r\n                <div class=\"img-container\">\r\n                    <img fetchpriority=\"high\" decoding=\"async\" width=\"300\" height=\"300\" src=\"https:\/\/cynthiarodrigues.com.br\/wp-content\/uploads\/2021\/05\/Aspas.png\" class=\"img-fluid\" alt=\"\" srcset=\"https:\/\/cynthiarodrigues.com.br\/wp-content\/uploads\/2021\/05\/Aspas.png 300w, https:\/\/cynthiarodrigues.com.br\/wp-content\/uploads\/2021\/05\/Aspas-150x150.png 150w, https:\/\/cynthiarodrigues.com.br\/wp-content\/uploads\/2021\/05\/Aspas-100x100.png 100w, https:\/\/cynthiarodrigues.com.br\/wp-content\/uploads\/2021\/05\/Aspas-108x108.png 108w\" sizes=\"(max-width: 300px) 100vw, 300px\" \/>                <\/div>\r\n            <\/a>\r\n            <div class=\"socialmediacontainer d-none\">\r\n                                    <ul class=\"social-icons\">\r\n                                                    <li><a onMouseOver=\"this.style.background='#3b5998'\"\r\n                                   onMouseOut=\"this.style.background='#a6d1ed'\"\r\n                                   style=\"background: #a6d1ed\"\r\n                                   href=\"#\" target=\"_blank\" rel=\"noopener\"><i\r\n                                            class=\"fab fa-twitter\"><\/i><\/a><\/li>\r\n                                            <\/ul>\r\n                                <\/div>\r\n            <h5>\r\n                <a href=\"#\">\r\n                    Sandra Possa                    <span class=\"content-block__sub-title\">Me ajudou nos momentos mais delicados, me identifiquei no primeiro momento em que conversamos... gratid\u00e3o a Deus por colocar essa pessoa em meu caminho!<\/span>\r\n                <\/a>\r\n            <\/h5>\r\n        <\/div>\r\n                <div class=\"item  col-md-6 col-lg-4 cynic_team_vc_element\">\r\n            <a href=\"#\" class=\"team-content-block content-block cynic_team_modal\"\r\n               data-bio=\"\" data-fullname=\"Susane Bergmann\"\r\n               data-designation=\"Cynthia voc\u00ea \u00e9 maravilhosa! Seus olhos e seu sorriso j\u00e1 dizem tudo. Meus dias est\u00e3o ficando melhores com suas palavras e seus confortos na minha alma.\">\r\n                <div class=\"img-container\">\r\n                    <img fetchpriority=\"high\" decoding=\"async\" width=\"300\" height=\"300\" src=\"https:\/\/cynthiarodrigues.com.br\/wp-content\/uploads\/2021\/05\/Aspas.png\" class=\"img-fluid\" alt=\"\" srcset=\"https:\/\/cynthiarodrigues.com.br\/wp-content\/uploads\/2021\/05\/Aspas.png 300w, https:\/\/cynthiarodrigues.com.br\/wp-content\/uploads\/2021\/05\/Aspas-150x150.png 150w, https:\/\/cynthiarodrigues.com.br\/wp-content\/uploads\/2021\/05\/Aspas-100x100.png 100w, https:\/\/cynthiarodrigues.com.br\/wp-content\/uploads\/2021\/05\/Aspas-108x108.png 108w\" sizes=\"(max-width: 300px) 100vw, 300px\" \/>                <\/div>\r\n            <\/a>\r\n            <div class=\"socialmediacontainer d-none\">\r\n                                    <ul class=\"social-icons\">\r\n                                                    <li><a onMouseOver=\"this.style.background='#3b5998'\"\r\n                                   onMouseOut=\"this.style.background='#a6d1ed'\"\r\n                                   style=\"background: #a6d1ed\"\r\n                                   href=\"#\" target=\"_blank\" rel=\"noopener\"><i\r\n                                            class=\"fab fa-twitter\"><\/i><\/a><\/li>\r\n                                            <\/ul>\r\n                                <\/div>\r\n            <h5>\r\n                <a href=\"#\">\r\n                    Susane Bergmann                    <span class=\"content-block__sub-title\">Cynthia voc\u00ea \u00e9 maravilhosa! Seus olhos e seu sorriso j\u00e1 dizem tudo. Meus dias est\u00e3o ficando melhores com suas palavras e seus confortos na minha alma.<\/span>\r\n                <\/a>\r\n            <\/h5>\r\n        <\/div>\r\n                <div class=\"item  col-md-6 col-lg-4 cynic_team_vc_element\">\r\n            <a href=\"#\" class=\"team-content-block content-block cynic_team_modal\"\r\n               data-bio=\"\" data-fullname=\"Tatiane B. Kammler\"\r\n               data-designation=\"\u00d3tima! Abordagem objetiva, alcan\u00e7ando resultados esperados. Sempre me sinto acolhida e a vontade. Recomendo.\">\r\n                <div class=\"img-container\">\r\n                    <img fetchpriority=\"high\" decoding=\"async\" width=\"300\" height=\"300\" src=\"https:\/\/cynthiarodrigues.com.br\/wp-content\/uploads\/2021\/05\/Aspas.png\" class=\"img-fluid\" alt=\"\" srcset=\"https:\/\/cynthiarodrigues.com.br\/wp-content\/uploads\/2021\/05\/Aspas.png 300w, https:\/\/cynthiarodrigues.com.br\/wp-content\/uploads\/2021\/05\/Aspas-150x150.png 150w, https:\/\/cynthiarodrigues.com.br\/wp-content\/uploads\/2021\/05\/Aspas-100x100.png 100w, https:\/\/cynthiarodrigues.com.br\/wp-content\/uploads\/2021\/05\/Aspas-108x108.png 108w\" sizes=\"(max-width: 300px) 100vw, 300px\" \/>                <\/div>\r\n            <\/a>\r\n            <div class=\"socialmediacontainer d-none\">\r\n                                    <ul class=\"social-icons\">\r\n                                                    <li><a onMouseOver=\"this.style.background='#3b5998'\"\r\n                                   onMouseOut=\"this.style.background='#a6d1ed'\"\r\n                                   style=\"background: #a6d1ed\"\r\n                                   href=\"#\" target=\"_blank\" rel=\"noopener\"><i\r\n                                            class=\"fab fa-twitter\"><\/i><\/a><\/li>\r\n                                            <\/ul>\r\n                                <\/div>\r\n            <h5>\r\n                <a href=\"#\">\r\n                    Tatiane B. Kammler                    <span class=\"content-block__sub-title\">\u00d3tima! Abordagem objetiva, alcan\u00e7ando resultados esperados. Sempre me sinto acolhida e a vontade. Recomendo.<\/span>\r\n                <\/a>\r\n            <\/h5>\r\n        <\/div>\r\n                            <\/div>\r\n                <\/div>\r\n            <\/div>\r\n                    [\/vc_column][\/vc_row][vc_row el_class=&#8221;latest-news section-padding&#8221;][vc_column el_class=&#8221;blog_pginicial&#8221;]            <div class=\"container\">\r\n                <h2>Conte\u00fados Especiais<\/h2>\r\n            <\/div>\r\n            <!-- End of .container -->\r\n            <div class=\"news-slider common-slider\">\r\n                <div class=\"carousel-container equalHeightWrapper\">\r\n                                            <div class=\"item equalHeightWrapper\">\r\n                                                            <a href=\"https:\/\/cynthiarodrigues.com.br\/index.php\/2023\/03\/06\/o-desafio-da-autoestima-e-conseguir-ver-a-parte-boa-de-si-mesmo\/\"\r\n                                   class=\"news-content-block content-block\">\r\n                                                                        <div class=\"img-container\">\r\n                                        <img decoding=\"async\" width=\"420\" height=\"366\" src=\"https:\/\/cynthiarodrigues.com.br\/wp-content\/uploads\/2023\/03\/cynthia-opt-2-420x366.png\" class=\"img-fluid wp-post-image\" alt=\"\" \/>                                    <\/div>\r\n                                    <!-- End of .img-container -->\r\n                                                                <h5 class=\"equalHeight\">\r\n                                    <span class=\"content-block__sub-title\">6 de mar\u00e7o de 2023<\/span>\r\n                                    O desafio da autoestima \u00e9 conseguir ver a parte boa de si mesmo                                <\/h5>\r\n                                <\/a>\r\n                                                            <!-- End of .featured-content-block -->\r\n                        <\/div>\r\n                        <!-- End of .item -->\r\n                                                <div class=\"item equalHeightWrapper\">\r\n                                                            <a href=\"https:\/\/cynthiarodrigues.com.br\/index.php\/2022\/02\/21\/como-ajudar-alguem-com-ansiedade\/\"\r\n                                   class=\"news-content-block content-block\">\r\n                                                                        <div class=\"img-container\">\r\n                                        <img decoding=\"async\" width=\"420\" height=\"366\" src=\"https:\/\/cynthiarodrigues.com.br\/wp-content\/uploads\/2022\/02\/depositphotos_14994909-stock-photo-two-holding-hands-420x366.jpg\" class=\"img-fluid wp-post-image\" alt=\"\" \/>                                    <\/div>\r\n                                    <!-- End of .img-container -->\r\n                                                                <h5 class=\"equalHeight\">\r\n                                    <span class=\"content-block__sub-title\">21 de fevereiro de 2022<\/span>\r\n                                    Como ajudar algu\u00e9m com ansiedade?                                <\/h5>\r\n                                <\/a>\r\n                                                            <!-- End of .featured-content-block -->\r\n                        <\/div>\r\n                        <!-- End of .item -->\r\n                                                <div class=\"item equalHeightWrapper\">\r\n                                                            <a href=\"https:\/\/cynthiarodrigues.com.br\/index.php\/2021\/04\/06\/diga-para-o-medo-que-e-que-manda\/\"\r\n                                   class=\"news-content-block content-block\">\r\n                                                                        <div class=\"img-container\">\r\n                                        <img loading=\"lazy\" decoding=\"async\" width=\"420\" height=\"366\" src=\"https:\/\/cynthiarodrigues.com.br\/wp-content\/uploads\/2021\/04\/site5-420x366.jpg\" class=\"img-fluid wp-post-image\" alt=\"\" \/>                                    <\/div>\r\n                                    <!-- End of .img-container -->\r\n                                                                <h5 class=\"equalHeight\">\r\n                                    <span class=\"content-block__sub-title\">6 de abril de 2021<\/span>\r\n                                    Diga para o medo quem \u00e9 que manda!                                <\/h5>\r\n                                <\/a>\r\n                                                            <!-- End of .featured-content-block -->\r\n                        <\/div>\r\n                        <!-- End of .item -->\r\n                                                <div class=\"item equalHeightWrapper\">\r\n                                                            <a href=\"https:\/\/cynthiarodrigues.com.br\/index.php\/2021\/01\/14\/a-terapia-cognitiva-para-criancas\/\"\r\n                                   class=\"news-content-block content-block\">\r\n                                                                        <div class=\"img-container\">\r\n                                        <img loading=\"lazy\" decoding=\"async\" width=\"420\" height=\"366\" src=\"https:\/\/cynthiarodrigues.com.br\/wp-content\/uploads\/2021\/02\/site-blog-2-420x366.png\" class=\"img-fluid wp-post-image\" alt=\"\" \/>                                    <\/div>\r\n                                    <!-- End of .img-container -->\r\n                                                                <h5 class=\"equalHeight\">\r\n                                    <span class=\"content-block__sub-title\">14 de janeiro de 2021<\/span>\r\n                                    Tristeza e Depress\u00e3o, quais as diferen\u00e7as                                <\/h5>\r\n                                <\/a>\r\n                                                            <!-- End of .featured-content-block -->\r\n                        <\/div>\r\n                        <!-- End of .item -->\r\n                                                <div class=\"item equalHeightWrapper\">\r\n                                                            <a href=\"https:\/\/cynthiarodrigues.com.br\/index.php\/2021\/01\/14\/como-aumentar-a-sua-autoestima\/\"\r\n                                   class=\"news-content-block content-block\">\r\n                                                                        <div class=\"img-container\">\r\n                                        <img loading=\"lazy\" decoding=\"async\" width=\"420\" height=\"366\" src=\"https:\/\/cynthiarodrigues.com.br\/wp-content\/uploads\/2021\/02\/site-blog-1-420x366.png\" class=\"img-fluid wp-post-image\" alt=\"\" \/>                                    <\/div>\r\n                                    <!-- End of .img-container -->\r\n                                                                <h5 class=\"equalHeight\">\r\n                                    <span class=\"content-block__sub-title\">14 de janeiro de 2021<\/span>\r\n                                    \u201cEu sofro de ansiedade! E sim, ela d\u00f3i muito\u201d                                <\/h5>\r\n                                <\/a>\r\n                                                            <!-- End of .featured-content-block -->\r\n                        <\/div>\r\n                        <!-- End of .item -->\r\n                                                <div class=\"item equalHeightWrapper\">\r\n                                                            <a href=\"https:\/\/cynthiarodrigues.com.br\/index.php\/2021\/01\/14\/tres-atividades-para-o-autoconhecimento\/\"\r\n                                   class=\"news-content-block content-block\">\r\n                                                                        <div class=\"img-container\">\r\n                                        <img loading=\"lazy\" decoding=\"async\" width=\"420\" height=\"366\" src=\"https:\/\/cynthiarodrigues.com.br\/wp-content\/uploads\/2021\/01\/site-blog-3-420x366.png\" class=\"img-fluid wp-post-image\" alt=\"\" \/>                                    <\/div>\r\n                                    <!-- End of .img-container -->\r\n                                                                <h5 class=\"equalHeight\">\r\n                                    <span class=\"content-block__sub-title\">14 de janeiro de 2021<\/span>\r\n                                    Maternidade e autoconfian\u00e7a                                <\/h5>\r\n                                <\/a>\r\n                                                            <!-- End of .featured-content-block -->\r\n                        <\/div>\r\n                        <!-- End of .item -->\r\n                                        <\/div>\r\n                <!-- End of .carousel-container -->\r\n            <\/div>\r\n            [\/vc_column][\/vc_row]<\/p>\n","protected":false},"excerpt":{"rendered":"<p>[vc_row][vc_column][\/vc_column][\/vc_row][vc_section el_id=&#8221;services&#8221; el_class=&#8221;services container&#8221;][vc_row el_class=&#8221;m-b-30&#8243;][vc_column width=&#8221;1\/3&#8243; el_class=&#8221;m-b-30&#8243;][\/vc_column][vc_column width=&#8221;1\/3&#8243; el_class=&#8221;m-b-30&#8243;][\/vc_column][vc_column width=&#8221;1\/3&#8243; el_class=&#8221;m-b-30&#8243;][\/vc_column][\/vc_row][\/vc_section][vc_section el_id=&#8221;about-us&#8221; el_class=&#8221;about-us&#8221;][vc_row][vc_column][vc_btn title=&#8221;Saiba Mais&#8221; color=&#8221;primary&#8221; align=&#8221;right&#8221; link=&#8221;url:http%3A%2F%2Fcynthiarodrigues.com.br%2Findex.php%2Fsobre-mim%2F&#8221;][\/vc_column][\/vc_row][\/vc_section][vc_section full_width=&#8221;stretch_row_content&#8221; el_class=&#8221;case-study small-agency-case-study&#8221;][vc_row][vc_column][\/vc_column][\/vc_row][\/vc_section][vc_row el_id=&#8221;news&#8221; el_class=&#8221;latest-news section-padding&#8221;][vc_column el_class=&#8221;blog_pginicial&#8221;][\/vc_column][\/vc_row][vc_row el_class=&#8221;latest-news section-padding&#8221;][vc_column el_class=&#8221;blog_pginicial&#8221;][\/vc_column][\/vc_row]<\/p>\n","protected":false},"author":1,"featured_media":0,"parent":0,"menu_order":0,"comment_status":"closed","ping_status":"closed","template":"template-modernpage.php","meta":{"footnotes":""},"class_list":["post-156","page","type-page","status-publish","hentry"],"_links":{"self":[{"href":"https:\/\/cynthiarodrigues.com.br\/index.php\/wp-json\/wp\/v2\/pages\/156","targetHints":{"allow":["GET"]}}],"collection":[{"href":"https:\/\/cynthiarodrigues.com.br\/index.php\/wp-json\/wp\/v2\/pages"}],"about":[{"href":"https:\/\/cynthiarodrigues.com.br\/index.php\/wp-json\/wp\/v2\/types\/page"}],"author":[{"embeddable":true,"href":"https:\/\/cynthiarodrigues.com.br\/index.php\/wp-json\/wp\/v2\/users\/1"}],"replies":[{"embeddable":true,"href":"https:\/\/cynthiarodrigues.com.br\/index.php\/wp-json\/wp\/v2\/comments?post=156"}],"version-history":[{"count":29,"href":"https:\/\/cynthiarodrigues.com.br\/index.php\/wp-json\/wp\/v2\/pages\/156\/revisions"}],"predecessor-version":[{"id":1213,"href":"https:\/\/cynthiarodrigues.com.br\/index.php\/wp-json\/wp\/v2\/pages\/156\/revisions\/1213"}],"wp:attachment":[{"href":"https:\/\/cynthiarodrigues.com.br\/index.php\/wp-json\/wp\/v2\/media?parent=156"}],"curies":[{"name":"wp","href":"https:\/\/api.w.org\/{rel}","templated":true}]}}